t s be (-6)/(-4)*(-8)/(-3). Calculate the remainder when v is divided by 38/(s/(-3 + 5)).
18
Let m = 114 - 26. What is the remainder when 15 is divided by m/10 - (-2)/10?
6
Let m(l) = -l + 7*l**2 - l + l**3 + 0*l + 5 - 2*l**2. Calculate the remainder when 43 is divided by m(-5).
13
Suppose 7*w = 3*w + 28. Suppose v - 3*r - w = 0, v - 2*v + 7 = 4*r. What is the remainder when 9 is divided by v?
2
Let t = 143 + -120. Calculate the remainder when 296 is divided by t.
20
Suppose -3*m + m = -194. Suppose 3*v - 2*q = m, 4*v + 0*q - q = 131. What is the remainder when 96 is divided by v?
30
Suppose 2*j = 4*j - 8. Suppose -u - 4*v + 20 = 0, j*u + 2*v - 41 = 11. What is the remainder when u is divided by -3 - (9 + -6)*10/(-3)?
5
Suppose -3*m + 2*m + 1 = 0. Let z = -7 + 9. Calculate the remainder when z is divided by m.
0
Suppose -b = 4*l - 42 - 5, -3*b + 4*l = -157. What is the remainder when b is divided by 13?
12
Suppose 0 = 4*f - 5*r - 41 - 275, -2*r = 0. Calculate the remainder when f is divided by 20.
19
Suppose -2*r + 2*n - 1211 = -5*r, -808 = -2*r - 2*n. Suppose 3*m + 3*p = 261, 5*m = -p + 4*p + r. Calculate the remainder when m is divided by 28.
27
Let x(d) be the third derivative of -d**6/30 - d**5/30 - d**4/12 - d**3/2 + 7*d**2. Calculate the remainder when 47 is divided by x(-2).
22
Suppose -5*q + 9 = -2*q. Let t(b) = b**3 + 8*b**2 - 11*b - 13. Let i(y) = -y**2 + 9*y + 13. Let o be i(11). What is the remainder when t(o) is divided by q?
2
Suppose 4*h - 4 = 12, 4*u + 4 = 5*h. Suppose 5*z - u*a - 40 = 0, -5*a = -2*z - 2*z + 23. Calculate the remainder when z is divided by 7.
5
Let u be ((-36)/(-8) - 0)*-12. Calculate the remainder when 35 is divided by (2/(-3))/(4/u).
8
Suppose -4*j = 2*q - 13 - 9, -3*j - 4*q = -19. Calculate the remainder when j is divided by 4.
1
Suppose -1 + 19 = 3*j. Calculate the remainder when 9 is divided by j.
3
Let w(p) = -p**3 - 11*p**2 - 12*p - 5. Calculate the remainder when 59 is divided by w(-10).
14
Suppose 2*n - c = 1 + 22, 5*c = -25. Calculate the remainder when 15 is divided by n.
6
Let q = -17 + 21. Suppose -h = -4, -h = 4*l - q*h - 124. Calculate the remainder when l is divided by 12.
10
Let q be 4/(-14) - (-30)/7. Suppose -4*m - q = 12. Let j(x) = 2*x**2 + 6*x + 6. What is the remainder when 27 is divided by j(m)?
13
Let t(q) = 1 + 13 + q**2 - 9 - 8*q. Suppose -4*c + 22 = 6. What is the remainder when t(9) is divided by c?
2
Let a(m) = m**2 - 4*m + 10. What is the remainder when 74 is divided by a(5)?
14
Let b = -61 - -74. Calculate the remainder when 36 is divided by b.
10
Let f = 88 + -65. Calculate the remainder when f is divided by 6.
5
Suppose -2*m + 4 + 6 = 0. Let s = 4 - 4. Suppose 2*b + s*z + 4 = -4*z, m*z + 27 = 3*b. Calculate the remainder when 10 is divided by b.
2
Suppose -y = -5*v - 21, 4*y - 76 = -y - 4*v. Calculate the remainder when 44 is divided by y.
12
Suppose 5*d - 47 - 18 = 0. What is the remainder when 45 is divided by d?
6
Let u be 1/((-2)/8*-2). Let x = 5 + u. Suppose 4*g + 5*o = 3, 5*g - x = 2*o + 38. Calculate the remainder when g is divided by 4.
3
Suppose -2*j + 3*z = -z - 84, 0 = -3*j + 5*z + 125. What is the remainder when j is divided by ((-28)/(-10))/((-1)/(-5))?
12
Let c(l) = -5*l + 26. What is the remainder when c(-13) is divided by 23/(-2)*4/(-2)?
22
Suppose -3*o - 12 = o. What is the remainder when 23 is divided by (-2 - o)/((-4)/(-32))?
7
Let a(g) = 35*g**3 - 2*g + 1. Let u be a(1). Suppose -4*x + 2 = -u. Let v(r) = r**3 - 6*r**2 + 5*r - 4. Calculate the remainder when v(6) is divided by x.
8
Suppose 9 = -a + 34. Calculate the remainder when a is divided by 3/9 - 20/(-3).
4
Suppose 3*s + 6 = -48. What is the remainder when ((-1)/(-3))/((-2)/s) is divided by 2?
1
Suppose 0 = -3*q - 0*q - 3*s + 6, -5*s = 4*q - 10. Suppose p - 5*r - 37 = 0, -5*r = -q*p + 2*p + 1. What is the remainder when 46 is divided by p?
10
Let i = 28 - 16. Suppose -3*h + 0 = -i. What is the remainder when 5 is divided by h?
1
Let b(u) = 3*u - 2. Suppose 0 = -5*m + 4 + 1, -4*r - m + 105 = 0. Calculate the remainder when r is divided by b(3).
5
Let k = -6 + 68. Suppose 2*q - 5*m + k = 3*q, -2*q + 115 = m. Suppose 4*y + 3 = 83. What is the remainder when q is divided by y?
17
Let v = -89 - -126. Suppose -7*x + 65 = -2*x. What is the remainder when v is divided by x?
11
Let r = 183 - 59. Suppose -5*y + r = t, -y + 36 = 6*t - 3*t. Suppose 3*f - y = 3*c, -5*f + c = -3*c - 36. What is the remainder when 14 is divided by f?
2
Suppose 12 = n - 2*q, 128 = 5*n + 5*q + 8. What is the remainder when n is divided by 11?
9
What is the remainder when (-8 + 16)*(3 + 1/1) is divided by 1*(12 - (0 + 1))?
10
Suppose 2*g = -3*g + 105. What is the remainder when g is divided by 11?
10
Suppose -5*l + 865 = -0*l. Calculate the remainder when l is divided by 44.
41
Suppose u = -3*y - 2*u + 108, -u + 200 = 5*y. Calculate the remainder when y is divided by 21.
20
Let s(x) = x**2 - 5*x - 4. What is the remainder when 76 is divided by s(-3)?
16
Suppose 2*b - 4*b = l - 36, 5*l - 2*b - 228 = 0. What is the remainder when l is divided by 9?
8
Let m(q) = 11*q**2 + 7*q - 2. Let p(h) = -12*h**2 - 8*h + 2. Let c(y) = 7*m(y) + 6*p(y). Let o = 134 - 88. Calculate the remainder when o is divided by c(-2).
14
Suppose 187*z = 184*z + 192. What is the remainder when z is divided by 34?
30
Suppose -2 = h - 3*g - 41, 4*h - 124 = 4*g. What is the remainder when h is divided by 10?
7
What is the remainder when (-1 - -2)/((-5)/(-445)) is divided by 30?
29
Suppose -378 = -9*v + 3*v. What is the remainder when v is divided by 11?
8
Let q(y) = y**2. Let z(c) = -11*c**3 - 2*c**2 + 1. Calculate the remainder when q(-6) is divided by z(-1).
6
Let i be (5 - 3)*(0 - -1). Suppose -6*z + i*z + 16 = 0. Suppose 3*o - j = 61, -4*j + j - 88 = -z*o. What is the remainder when 36 is divided by o?
17
Let z = -5 - -8. Suppose -12*n + 50 = 2. Calculate the remainder when n is divided by z.
1
Suppose -2*g + 3*g = 6. Suppose -s + g*s = 65. Calculate the remainder when ((-74)/8)/((-2)/8) is divided by s.
11
Let n(f) = f**3 + 0 + 2 + 15 - f**2. Let r(z) = z**2 + 6. What is the remainder when n(0) is divided by r(0)?
5
Let p = -96 - -114. What is the remainder when 106 is divided by p?
16
Let k = 9 + -7. Calculate the remainder when 37 is divided by (-3 + 5)*13/k.
11
Let v(r) = -r. Let q = -8 - -5. What is the remainder when 4 is divided by v(q)?
1
Let c be ((-5)/2)/(3/(-18)). Suppose -5*g + c = -10. What is the remainder when 14 is divided by g?
4
Let r be (2/3)/(3/(-63)). Let o = -10 - r. Suppose u - o = -2*b + 5, -10 = -u - b. Calculate the remainder when 21 is divided by u.
10
Suppose 5*h - 50 = g, -4*g - 10 = 4*h - 26. Let j(d) = -2*d + 8. Let t be j(-8). Calculate the remainder when 8/(-12)*-1*t is divided by h.
7
Let z = 19 + -17. Suppose b - 2*q = 6*b - 163, -q = -z*b + 67. Suppose 5*m - 5*n - 60 = 0, -4*n + 110 = 5*m + n. Calculate the remainder when b is divided by m.
16
Let j(n) be the second derivative of n**3/2 + 3*n. Calculate the remainder when 35 is divided by j(4).
11
Let d = -2 + 34. Suppose -f + 5*f - 68 = 0. Calculate the remainder when d is divided by f.
15
Let v = 32 - 47. Let c = v + 31. Let p = 25 - c. What is the remainder when 26 is divided by p?
8
What is the remainder when 36 is divided by (-13)/(-2*(-2)/(-4))?
10
Suppose -3*f + 176 = -31. Calculate the remainder when f is divided by 7.
6
Suppose -71 = -4*g + 5. Calculate the remainder when 55 is divided by g.
17
Let v(n) = n**3 + 5*n**2 - 3*n - 3. Let r be v(-4). Let s = r - 5. Calculate the remainder when 57 is divided by s.
17
Let a = 117 + -43. Calculate the remainder when a is divided by 20.
14
Let v(q) = q**3 + 5*q**2 - 2*q - 7. What is the remainder when 29 is divided by v(-4)?
12
Suppose f + 0*f = 11. Suppose -4*y - f = -55. Suppose -144 + 16 = -4*o. What is the remainder when o is divided by y?
10
Suppose 3*h - 18 = 5*i - 4*i, 2*i = 4*h - 30. Let y = -3 - i. Calculate the remainder when 15 is divided by y.
3
Suppose 0*d + 104 = 4*d. Calculate the remainder when 49 is divided by d.
23
Calculate the remainder when 81 is divided by 3*(-35)/(0 - 5).
18
Suppose -246 + 51 = -5*l. Suppose 0 = a + 2*a - t - 28, -38 = -4*a + t. Calculate the remainder when l is divided by a.
9
Calculate 